{"id":25,"date":"2015-10-15T15:32:49","date_gmt":"2015-10-15T15:32:49","guid":{"rendered":"http:\/\/wpoffice\/construction\/?page_id=25"},"modified":"2026-01-25T23:07:11","modified_gmt":"2026-01-25T23:07:11","slug":"service","status":"publish","type":"page","link":"https:\/\/tokatelektrik.com\/index.php\/service\/","title":{"rendered":"Hizmetlerimiz"},"content":{"rendered":"\n<style type=\"text\/css\" data-created_by=\"avia_inline_auto\" id=\"style-css-av-1xpnx-b25603515685f4e27c4e94aa2c416b27\">\n#top .av-special-heading.av-1xpnx-b25603515685f4e27c4e94aa2c416b27{\npadding-bottom:0;\n}\nbody .av-special-heading.av-1xpnx-b25603515685f4e27c4e94aa2c416b27 .av-special-heading-tag .heading-char{\nfont-size:25px;\n}\n.av-special-heading.av-1xpnx-b25603515685f4e27c4e94aa2c416b27 .av-subheading{\nfont-size:15px;\n}\n<\/style>\n<div  class='av-special-heading av-1xpnx-b25603515685f4e27c4e94aa2c416b27 av-special-heading-h2 blockquote modern-quote modern-centered  avia-builder-el-0  el_before_av_hr  avia-builder-el-first '><h2 class='av-special-heading-tag '  itemprop=\"headline\"  >Hizmetlerimiz<\/h2><div class=\"special-heading-border\"><div class=\"special-heading-inner-border\"><\/div><\/div><\/div>\n\n<style type=\"text\/css\" data-created_by=\"avia_inline_auto\" id=\"style-css-av-ip9r1-490fb308af41b97edad3afc66295b095\">\n#top .hr.av-ip9r1-490fb308af41b97edad3afc66295b095{\nmargin-top:5px;\nmargin-bottom:35px;\n}\n.hr.av-ip9r1-490fb308af41b97edad3afc66295b095 .hr-inner{\nwidth:50px;\nborder-color:#efbb20;\n}\n<\/style>\n<div  class='hr av-ip9r1-490fb308af41b97edad3afc66295b095 hr-custom  avia-builder-el-1  el_after_av_heading  el_before_av_one_half  hr-center hr-icon-no'><span class='hr-inner inner-border-av-border-fat'><span class=\"hr-inner-style\"><\/span><\/span><\/div>\n\n<style type=\"text\/css\" data-created_by=\"avia_inline_auto\" id=\"style-css-av-i11ol-530e69f73e6415a6000dc11d974ea925\">\n.flex_column.av-i11ol-530e69f73e6415a6000dc11d974ea925{\nborder-radius:0px 0px 0px 0px;\npadding:0px 0px 0px 0px;\n}\n<\/style>\n<div  class='flex_column av-i11ol-530e69f73e6415a6000dc11d974ea925 av_one_half  avia-builder-el-2  el_after_av_hr  el_before_av_one_half  first flex_column_div av-animated-generic bottom-to-top av-zero-column-padding  '     ><p>\n<style type=\"text\/css\" data-created_by=\"avia_inline_auto\" id=\"style-css-av-hh7hh-3bb15cda35b0f3e3aad5cb73af736e61\">\n.avia-image-container.av-hh7hh-3bb15cda35b0f3e3aad5cb73af736e61 img.avia_image{\nbox-shadow:none;\n}\n.avia-image-container.av-hh7hh-3bb15cda35b0f3e3aad5cb73af736e61 .av-image-caption-overlay-center{\ncolor:#ffffff;\n}\n<\/style>\n<div  class='avia-image-container av-hh7hh-3bb15cda35b0f3e3aad5cb73af736e61 av-styling-no-styling av-img-linked avia-align-center  avia-builder-el-3  el_before_av_heading  avia-builder-el-first '   itemprop=\"image\" itemscope=\"itemscope\" itemtype=\"https:\/\/schema.org\/ImageObject\" ><div class=\"avia-image-container-inner\"><div class=\"avia-image-overlay-wrap\"><img decoding=\"async\" fetchpriority=\"high\" class='wp-image-83 avia-img-lazy-loading-not-83 avia_image ' src=\"https:\/\/tokatelektrik.com\/wp-content\/uploads\/2015\/10\/scale-ruler-on-blueprints-845x321.jpg\" alt='' title='Scale Ruler on Blueprints'  height=\"321\" width=\"845\"  itemprop=\"thumbnailUrl\"  \/><\/div><\/div><\/div><br \/>\n\n<style type=\"text\/css\" data-created_by=\"avia_inline_auto\" id=\"style-css-av-gwszt-9cf5a5d9fae8fdd29860471c7dd73f28\">\n#top .av-special-heading.av-gwszt-9cf5a5d9fae8fdd29860471c7dd73f28{\npadding-bottom:0;\n}\nbody .av-special-heading.av-gwszt-9cf5a5d9fae8fdd29860471c7dd73f28 .av-special-heading-tag .heading-char{\nfont-size:25px;\n}\n.av-special-heading.av-gwszt-9cf5a5d9fae8fdd29860471c7dd73f28 .av-subheading{\nfont-size:15px;\n}\n<\/style>\n<div  class='av-special-heading av-gwszt-9cf5a5d9fae8fdd29860471c7dd73f28 av-special-heading-h3 blockquote modern-quote  avia-builder-el-4  el_after_av_image  el_before_av_hr '><h3 class='av-special-heading-tag '  itemprop=\"headline\"  >Projelendirme <span class='special_amp'>&amp;<\/span> M\u00fchendislik<\/h3><div class=\"special-heading-border\"><div class=\"special-heading-inner-border\"><\/div><\/div><\/div><br \/>\n\n<style type=\"text\/css\" data-created_by=\"avia_inline_auto\" id=\"style-css-av-g580l-d3c4c20fba9fb88d9676c9b9f7e54feb\">\n#top .hr.av-g580l-d3c4c20fba9fb88d9676c9b9f7e54feb{\nmargin-top:10px;\nmargin-bottom:10px;\n}\n.hr.av-g580l-d3c4c20fba9fb88d9676c9b9f7e54feb .hr-inner{\nwidth:50px;\nborder-color:#efbb20;\n}\n<\/style>\n<div  class='hr av-g580l-d3c4c20fba9fb88d9676c9b9f7e54feb hr-custom  avia-builder-el-5  el_after_av_heading  el_before_av_textblock  hr-left hr-icon-no'><span class='hr-inner inner-border-av-border-fat'><span class=\"hr-inner-style\"><\/span><\/span><\/div><br \/>\n<section  class='av_textblock_section av-fvrnt-442f0f863bef663709f2c411dc2b1bb3 '   itemscope=\"itemscope\" itemtype=\"https:\/\/schema.org\/CreativeWork\" ><div class='avia_textblock'  itemprop=\"text\" ><p>Elektrik altyap\u0131 projelerinde ke\u015fif, proje \u00e7izimi ve uygulama planlamas\u0131n\u0131 titizlikle y\u00fcr\u00fct\u00fcr\u00fcz. \u015eehir ve k\u00f6y \u015febekeleri, yeralt\u0131 kablolama ve enerji nakil hatlar\u0131 i\u00e7in g\u00fcvenli, y\u00f6netmeliklere uygun \u00e7\u00f6z\u00fcmler \u00fcretiriz.<\/p>\n<\/div><\/section><\/p><\/div>\n<style type=\"text\/css\" data-created_by=\"avia_inline_auto\" id=\"style-css-av-eyt5x-07be8a9c8f126b3b68c8fd751dbf2640\">\n.flex_column.av-eyt5x-07be8a9c8f126b3b68c8fd751dbf2640{\nborder-radius:0px 0px 0px 0px;\npadding:0px 0px 0px 0px;\n}\n<\/style>\n<div  class='flex_column av-eyt5x-07be8a9c8f126b3b68c8fd751dbf2640 av_one_half  avia-builder-el-7  el_after_av_one_half  el_before_av_one_full  flex_column_div av-animated-generic bottom-to-top av-zero-column-padding  '     ><p>\n<style type=\"text\/css\" data-created_by=\"avia_inline_auto\" id=\"style-css-av-el311-c1f8c71b0eb81aca9e5327a162bfb90a\">\n.avia-image-container.av-el311-c1f8c71b0eb81aca9e5327a162bfb90a img.avia_image{\nbox-shadow:none;\n}\n.avia-image-container.av-el311-c1f8c71b0eb81aca9e5327a162bfb90a .av-image-caption-overlay-center{\ncolor:#ffffff;\n}\n<\/style>\n<div  class='avia-image-container av-el311-c1f8c71b0eb81aca9e5327a162bfb90a av-styling-no-styling av-img-linked avia-align-center  avia-builder-el-8  el_before_av_heading  avia-builder-el-first '   itemprop=\"image\" itemscope=\"itemscope\" itemtype=\"https:\/\/schema.org\/ImageObject\" ><div class=\"avia-image-container-inner\"><div class=\"avia-image-overlay-wrap\"><img decoding=\"async\" fetchpriority=\"high\" class='wp-image-80 avia-img-lazy-loading-not-80 avia_image ' src=\"https:\/\/tokatelektrik.com\/wp-content\/uploads\/2015\/10\/construction-site-machines-845x321.jpg\" alt='' title='Construction site machines'  height=\"321\" width=\"845\"  itemprop=\"thumbnailUrl\"  \/><\/div><\/div><\/div><br \/>\n\n<style type=\"text\/css\" data-created_by=\"avia_inline_auto\" id=\"style-css-av-dwnxt-2381be6ec180b50840a882fced36212b\">\n#top .av-special-heading.av-dwnxt-2381be6ec180b50840a882fced36212b{\npadding-bottom:0;\n}\nbody .av-special-heading.av-dwnxt-2381be6ec180b50840a882fced36212b .av-special-heading-tag .heading-char{\nfont-size:25px;\n}\n.av-special-heading.av-dwnxt-2381be6ec180b50840a882fced36212b .av-subheading{\nfont-size:15px;\n}\n<\/style>\n<div  class='av-special-heading av-dwnxt-2381be6ec180b50840a882fced36212b av-special-heading-h3 blockquote modern-quote  avia-builder-el-9  el_after_av_image  el_before_av_hr '><h3 class='av-special-heading-tag '  itemprop=\"headline\"  >Elektrik Taahh\u00fct <span class='special_amp'>&amp;<\/span> Altyap\u0131 Uygulamalar\u0131<\/h3><div class=\"special-heading-border\"><div class=\"special-heading-inner-border\"><\/div><\/div><\/div><br \/>\n\n<style type=\"text\/css\" data-created_by=\"avia_inline_auto\" id=\"style-css-av-di595-0428cd33e4cdccb909dae15c79f82906\">\n#top .hr.av-di595-0428cd33e4cdccb909dae15c79f82906{\nmargin-top:10px;\nmargin-bottom:10px;\n}\n.hr.av-di595-0428cd33e4cdccb909dae15c79f82906 .hr-inner{\nwidth:50px;\nborder-color:#efbb20;\n}\n<\/style>\n<div  class='hr av-di595-0428cd33e4cdccb909dae15c79f82906 hr-custom  avia-builder-el-10  el_after_av_heading  el_before_av_textblock  hr-left hr-icon-no'><span class='hr-inner inner-border-av-border-fat'><span class=\"hr-inner-style\"><\/span><\/span><\/div><br \/>\n<section  class='av_textblock_section av-cvp5h-edf32ecff000be081f3984df74bb3b43 '   itemscope=\"itemscope\" itemtype=\"https:\/\/schema.org\/CreativeWork\" ><div class='avia_textblock'  itemprop=\"text\" ><p>\u015eehir \u015febekeleri, cadde ve yol ayd\u0131nlatmalar\u0131, trafo binalar\u0131 ile da\u011f\u0131t\u0131m ve indirici merkezlerinin anahtar teslim kurulumunu ger\u00e7ekle\u015ftiririz. \u0130\u015f g\u00fcvenli\u011fi ve kalite standartlar\u0131n\u0131 \u00f6ncelik alarak projeleri zaman\u0131nda teslim ederiz.<\/p>\n<\/div><\/section><\/p><\/div>\n<style type=\"text\/css\" data-created_by=\"avia_inline_auto\" id=\"style-css-av-c1pr5-d6ee947572b9971e3031ebd81b751dc8\">\n.flex_column.av-c1pr5-d6ee947572b9971e3031ebd81b751dc8{\nborder-radius:0px 0px 0px 0px;\npadding:0px 0px 0px 0px;\n}\n<\/style>\n<div  class='flex_column av-c1pr5-d6ee947572b9971e3031ebd81b751dc8 av_one_full  avia-builder-el-12  el_after_av_one_half  avia-builder-el-last  first flex_column_div av-animated-generic bottom-to-top av-zero-column-padding  column-top-margin'     ><p>\n<style type=\"text\/css\" data-created_by=\"avia_inline_auto\" id=\"style-css-av-bmo0d-9b181179b181ab5ef68626e3839ae4b4\">\n.avia-image-container.av-bmo0d-9b181179b181ab5ef68626e3839ae4b4 img.avia_image{\nbox-shadow:none;\n}\n.avia-image-container.av-bmo0d-9b181179b181ab5ef68626e3839ae4b4 .av-image-caption-overlay-center{\ncolor:#ffffff;\n}\n<\/style>\n<div  class='avia-image-container av-bmo0d-9b181179b181ab5ef68626e3839ae4b4 av-styling-no-styling av-img-linked avia-align-center  avia-builder-el-13  el_before_av_heading  avia-builder-el-first '   itemprop=\"image\" itemscope=\"itemscope\" itemtype=\"https:\/\/schema.org\/ImageObject\" ><div class=\"avia-image-container-inner\"><div class=\"avia-image-overlay-wrap\"><img decoding=\"async\" fetchpriority=\"high\" class='wp-image-266 avia-img-lazy-loading-not-266 avia_image ' src=\"https:\/\/tokatelektrik.com\/wp-content\/uploads\/2026\/01\/444429.jpg\" alt='' title='444429'  height=\"720\" width=\"1280\"  itemprop=\"thumbnailUrl\" srcset=\"https:\/\/tokatelektrik.com\/wp-content\/uploads\/2026\/01\/444429.jpg 1280w, https:\/\/tokatelektrik.com\/wp-content\/uploads\/2026\/01\/444429-300x169.jpg 300w, https:\/\/tokatelektrik.com\/wp-content\/uploads\/2026\/01\/444429-1030x579.jpg 1030w, https:\/\/tokatelektrik.com\/wp-content\/uploads\/2026\/01\/444429-768x432.jpg 768w, https:\/\/tokatelektrik.com\/wp-content\/uploads\/2026\/01\/444429-705x397.jpg 705w\" sizes=\"(max-width: 1280px) 100vw, 1280px\" \/><\/div><\/div><\/div><br \/>\n\n<style type=\"text\/css\" data-created_by=\"avia_inline_auto\" id=\"style-css-av-auii9-489f04a40881daef1e4f61d3d0229c48\">\n#top .av-special-heading.av-auii9-489f04a40881daef1e4f61d3d0229c48{\npadding-bottom:0;\n}\nbody .av-special-heading.av-auii9-489f04a40881daef1e4f61d3d0229c48 .av-special-heading-tag .heading-char{\nfont-size:25px;\n}\n.av-special-heading.av-auii9-489f04a40881daef1e4f61d3d0229c48 .av-subheading{\nfont-size:15px;\n}\n<\/style>\n<div  class='av-special-heading av-auii9-489f04a40881daef1e4f61d3d0229c48 av-special-heading-h3 blockquote modern-quote modern-centered  avia-builder-el-14  el_after_av_image  el_before_av_hr '><h3 class='av-special-heading-tag '  itemprop=\"headline\"  >Rayl\u0131 Sistem Elektrifikasyonu<\/h3><div class=\"special-heading-border\"><div class=\"special-heading-inner-border\"><\/div><\/div><\/div><br \/>\n\n<style type=\"text\/css\" data-created_by=\"avia_inline_auto\" id=\"style-css-av-aat0l-c60f2f568021c431bd601833e8dcbdbf\">\n#top .hr.av-aat0l-c60f2f568021c431bd601833e8dcbdbf{\nmargin-top:10px;\nmargin-bottom:10px;\n}\n.hr.av-aat0l-c60f2f568021c431bd601833e8dcbdbf .hr-inner{\nwidth:50px;\nborder-color:#efbb20;\n}\n<\/style>\n<div  class='hr av-aat0l-c60f2f568021c431bd601833e8dcbdbf hr-custom  avia-builder-el-15  el_after_av_heading  el_before_av_textblock  hr-left hr-icon-no'><span class='hr-inner inner-border-av-border-fat'><span class=\"hr-inner-style\"><\/span><\/span><\/div><br \/>\n<section  class='av_textblock_section av-zxuh-3d33bb5fa78eb3ad7148d46d0c4b6ec4 '   itemscope=\"itemscope\" itemtype=\"https:\/\/schema.org\/CreativeWork\" ><div class='avia_textblock'  itemprop=\"text\" ><p>Rayl\u0131 sistem projelerinde elektrifikasyon altyap\u0131s\u0131, enerji besleme ve saha uygulamalar\u0131nda uzman ekibimizle hizmet veririz. Modern \u015fehir ula\u015f\u0131m\u0131na g\u00fcvenilir enerji \u00e7\u00f6z\u00fcmleri sa\u011flayarak s\u00fcrd\u00fcr\u00fclebilir sistemler kurar\u0131z.<\/p>\n<\/div><\/section><\/p><\/div><\/p>\n","protected":false},"excerpt":{"rendered":"","protected":false},"author":1,"featured_media":0,"parent":0,"menu_order":0,"comment_status":"closed","ping_status":"closed","template":"","meta":{"footnotes":""},"class_list":["post-25","page","type-page","status-publish","hentry"],"_links":{"self":[{"href":"https:\/\/tokatelektrik.com\/index.php\/wp-json\/wp\/v2\/pages\/25","targetHints":{"allow":["GET"]}}],"collection":[{"href":"https:\/\/tokatelektrik.com\/index.php\/wp-json\/wp\/v2\/pages"}],"about":[{"href":"https:\/\/tokatelektrik.com\/index.php\/wp-json\/wp\/v2\/types\/page"}],"author":[{"embeddable":true,"href":"https:\/\/tokatelektrik.com\/index.php\/wp-json\/wp\/v2\/users\/1"}],"replies":[{"embeddable":true,"href":"https:\/\/tokatelektrik.com\/index.php\/wp-json\/wp\/v2\/comments?post=25"}],"version-history":[{"count":2,"href":"https:\/\/tokatelektrik.com\/index.php\/wp-json\/wp\/v2\/pages\/25\/revisions"}],"predecessor-version":[{"id":283,"href":"https:\/\/tokatelektrik.com\/index.php\/wp-json\/wp\/v2\/pages\/25\/revisions\/283"}],"wp:attachment":[{"href":"https:\/\/tokatelektrik.com\/index.php\/wp-json\/wp\/v2\/media?parent=25"}],"curies":[{"name":"wp","href":"https:\/\/api.w.org\/{rel}","templated":true}]}}